{"id":82,"date":"2021-11-04T12:28:01","date_gmt":"2021-11-04T11:28:01","guid":{"rendered":"http:\/\/abloc.coach\/?page_id=82"},"modified":"2021-11-05T11:06:43","modified_gmt":"2021-11-05T10:06:43","slug":"formule-sur-mesure","status":"publish","type":"page","link":"https:\/\/abloc.coach\/index.php\/formules\/formule-sur-mesure\/","title":{"rendered":"Formule sur mesure"},"content":{"rendered":"<h2><strong>Formule sur mesure<\/strong><\/h2>\n<p>N&rsquo;hesitez pas \u00e0 me contacter pour une formule ABloc sur mesure.<\/p>\n<p>Programme de pr\u00e9paration physique, course \u00e0 pied, coaching individuel, \u00e9tude posturale, stage individuel encadr\u00e9 ou autre&#8230;<\/p>\n<p>Contactez moi.<\/p>\n<p>&nbsp;<\/p>\n","protected":false},"excerpt":{"rendered":"<p>Formule sur mesure N&rsquo;hesitez pas \u00e0 me contacter pour une formule ABloc sur mesure. Programme de pr\u00e9paration physique, course \u00e0 pied, coaching individuel, \u00e9tude posturale, stage individuel encadr\u00e9 ou autre&#8230; Contactez moi. &nbsp;<\/p>\n","protected":false},"author":1,"featured_media":0,"parent":39,"menu_order":4,"comment_status":"closed","ping_status":"closed","template":"","meta":{"footnotes":""},"class_list":["post-82","page","type-page","status-publish","hentry"],"_links":{"self":[{"href":"https:\/\/abloc.coach\/index.php\/wp-json\/wp\/v2\/pages\/82","targetHints":{"allow":["GET"]}}],"collection":[{"href":"https:\/\/abloc.coach\/index.php\/wp-json\/wp\/v2\/pages"}],"about":[{"href":"https:\/\/abloc.coach\/index.php\/wp-json\/wp\/v2\/types\/page"}],"author":[{"embeddable":true,"href":"https:\/\/abloc.coach\/index.php\/wp-json\/wp\/v2\/users\/1"}],"replies":[{"embeddable":true,"href":"https:\/\/abloc.coach\/index.php\/wp-json\/wp\/v2\/comments?post=82"}],"version-history":[{"count":4,"href":"https:\/\/abloc.coach\/index.php\/wp-json\/wp\/v2\/pages\/82\/revisions"}],"predecessor-version":[{"id":154,"href":"https:\/\/abloc.coach\/index.php\/wp-json\/wp\/v2\/pages\/82\/revisions\/154"}],"up":[{"embeddable":true,"href":"https:\/\/abloc.coach\/index.php\/wp-json\/wp\/v2\/pages\/39"}],"wp:attachment":[{"href":"https:\/\/abloc.coach\/index.php\/wp-json\/wp\/v2\/media?parent=82"}],"curies":[{"name":"wp","href":"https:\/\/api.w.org\/{rel}","templated":true}]}}